
Suppose -35 = 3*v + 4*f, -v - 4*f - 7 = 10. What is the tens digit of (-4026)/(-9) - (3/v)/(-1)?
4
Let p be -8 + 5 - (-1 - 7). Suppose p*h = 4*b + 3086, -4*h - 518 + 2995 = 5*b. What is the hundreds digit of h?
6
Let u be 172/(2 - -2) + -3 + 2. Suppose w = -6*w + u. What is the units digit of 61/2 - 3/w?
0
Let w = 1747 - 1744. Suppose 47 = r - 85. Suppose -2*u - w*b = -275, -2*b - r = -u + 2*b. What is the tens digit of u?
3
Let b(h) = -43*h - 8. Let a(k) = -215*k - 39. Let n(w) = -2*a(w) + 11*b(w). Suppose -34*v + 2 = -35*v. What is the units digit of n(v)?
6
Suppose 42674 = 2*x - 335*i + 331*i, -3*i = -18. What is the units digit of x?
9
Suppose 47674 + 71402 = 20*t - 8*t. What is the thousands digit of t?
9
Suppose 0 = 4*p + 4*d, -3 = -5*p - 41*d + 37*d. Suppose -5*z - 2*f = -5817, 3*z + p*f - 4440 = -957. What is the units digit of z?
5
Let r(j) = 17*j + 12*j - j**2 + 15 - 17*j + j. Let q be r(15). Let x(n) = n**3 + 16*n**2 + 12*n - 4. What is the tens digit of x(q)?
4
What is the units digit of 40144/8 - (13 + -16)?
1
Let l(x) = 19*x**2 + 46*x + 208. What is the thousands digit of l(19)?
7
Suppose 0 = 5*w - 4*b - 11673, b - 240 = -237. What is the thousands digit of w?
2
What is the ten thousands digit of 26/39 + 697760/15?
4
Let r be ((-14235)/3 - -8)*(-1)/3. Let g = r + -400. What is the hundreds digit of g?
1
Suppose -25*x + 82698 = 7348. Suppose 6*q = -x + 10280. What is the tens digit of q?
1
Let h(f) = -f**3 + 35*f**2 + 94*f - 385. What is the hundreds digit of h(37)?
3
Suppose -1705967 = -77*h - 14662. What is the thousands digit of h?
1
Suppose g - 5*g = 4*o - 181160, 8 = 4*o. What is the ten thousands digit of g?
4
Let u = 50 + -36. Let k = u - 11. Suppose 0 = -4*z, 4*z = -4*q + k*q + 105. What is the tens digit of q?
0
Suppose -3*t = t. Let p(w) = 168 + 2*w**2 + 172 - 328. What is the units digit of p(t)?
2
Suppose 16206 + 9772 = 128*h - 3334. What is the hundreds digit of h?
2
Let c = -23 - -27. Suppose 0 = -c*z + 88 + 208. What is the tens digit of -12 + z + (-1 - (-1 - 1))?
6
Suppose 12 + 48 = 4*d. Let x be ((-12)/d)/(18/45). Let i = x - -46. What is the units digit of i?
4
What is the tens digit of 1/9 + 765611/1467?
2
Let j be 5/(1 - -4) + 99. Let r = j + -71. Let a = r - -140. What is the units digit of a?
9
Suppose 14*z = 19*z. Suppose -m + 258 + 30 = z. What is the units digit of m?
8
Let b(h) = 6*h**2 - 2*h + 1. Let r be b(1). Suppose -r*o = 31 - 3496. What is the tens digit of o?
9
Let a(f) = -f**2 - 8*f + 24. Let k be a(-10). Suppose 5*v = k*h + 95, v = 3*v + 2*h - 38. Suppose v*o = 11*o + 264. What is the units digit of o?
3
What is the tens digit of 682776/243 + (-1)/((-18)/4)?
1
Let b(q) = -q**3 + 4*q**2 - 8*q - 23. Let v be b(-7). Suppose -11 = -11*k + v. What is the units digit of k?
3
Let a be -1 + 3 + 3 - (-21)/3. Let t(s) = -2*s**2 + 9*s - 25. Let q(o) = -o - 1. Let i(y) = 2*q(y) - t(y). What is the tens digit of i(a)?
7
Let y be 8/(-2) + 4392/72. Suppose y*j = 29*j + 28952. What is the units digit of j?
4
Suppose -4*m = -8, 2*m + m = 5*k - 2729. Let b = k + -96. What is the units digit of b?
1
Let a be (3 - 6)/(-1 - 14/(-8)). Let c be 83/(4*(-1)/a). Suppose 149 = 4*k - c. What is the units digit of k?
8
Let h(d) be the second derivative of 58*d**3 + 9*d**2 - d + 50. What is the tens digit of h(1)?
6
Let c = -28 + 30. Let j be 210/112 - c/(-16). Suppose 3*z + 2*k - 853 = -232, j*z + 5*k - 414 = 0. What is the units digit of z?
7
Suppose -3*s + 5*b = -4*s + 8, -4*b - 56 = -4*s. Suppose -5347 = -s*m + 828. What is the units digit of m?
5
Suppose 92*v - 14649 = 91*v. What is the thousands digit of v?
4
Let c = -3 - -2. Suppose 0 = 10*v - 5*y - 65, -2*v - 5*y = 3*v - 10. What is the hundreds digit of (c + 110)*1*(v + -4)?
1
Let r be 33/6 + (-1)/(-2). Suppose -5*w = r*j - 4*j - 1630, 3*j = -2*w + 652. What is the hundreds digit of w?
3
Suppose 1152200 - 5252 = 33*n. What is the units digit of n?
6
Suppose 8*z - 7*z = 6. Let g be -2 + 89/3 - (-2)/z. Suppose 0 = d - g - 27. What is the units digit of d?
5
Let d(j) = j**3 - 5*j**2 + 11*j + 1. Let o be d(6). Let a = 63 - o. Let i = -10 - a. What is the tens digit of i?
3
Suppose -4*d = -3*q - 247, 284 + 38 = -4*q - 2*d. Let n = -34 - q. Let p = n - 38. What is the units digit of p?
9
Suppose 8 = 3*c - 2*x + 4, 5*c = -x + 11. Suppose -184 = -c*q + 86. What is the units digit of q?
5
Let z = 70 + -65. Let r(s) = -82*s**2 - 5*s + 87*s**2 + 4*s - z - 6. What is the tens digit of r(6)?
6
Let y be -4 - (-32)/4 - (4 + -4). Suppose -5 = -5*w - 0, -5*x - y*w = -899. What is the hundreds digit of x?
1
Let i be (5 - 3)*-1 - (-80)/5. What is the hundreds digit of 6918/27 - i/63?
2
Suppose -2*c = -4*s + 20, 2*s = 5*c + 5*s - 15. Let j be (c + -10)*5/(-10). Suppose 8*k = j + 83. What is the tens digit of k?
1
Suppose -10*w + 56303 = -73117. What is the units digit of w?
2
Let z = 19991 + -13007. What is the hundreds digit of z?
9
Suppose -4*w = -2*b - 15606, -3*w + 40*b + 11717 = 36*b. What is the thousands digit of w?
3
Let y be 1/((-3)/12)*(-12)/8. What is the tens digit of 36 - (-4 + y - (2 - 4))?
3
Let i = 12 + 39. Suppose 4*q = 2*d + 102, 0*d + 3*q + 153 = -3*d. Let o = i - d. What is the tens digit of o?
0
Suppose -16832*b + 16796*b = -535968. What is the ten thousands digit of b?
1
Suppose -1130 = -5*o + 5*i + 2370, 5*i - 2108 = -3*o. What is the units digit of (-4 - -1) + o + 20?
8
Suppose -2*n + 2*p = -43900, -3*p + 19099 + 2871 = n. What is the hundreds digit of n?
9
Suppose -4383*f + 694107 = -4374*f. What is the ten thousands digit of f?
7
Let u be ((-57)/30 + 10/25)*-10. Suppose 34*i = 31*i + u. Suppose -56 = i*z - 506. What is the tens digit of z?
9
Suppose 11*b - 2044 = 442. Let d = 285 - b. What is the units digit of d?
9
Let l = 23686 - 9223. What is the tens digit of l?
6
Let s(d) be the second derivative of 11*d**6/360 + d**4/6 + 7*d**3/6 + 2*d. Let y(o) be the second derivative of s(o). What is the tens digit of y(-4)?
8
Suppose 4*y = -5*g + 92223 - 17150, y - 4*g - 18805 = 0. What is the units digit of y?
7
Let s = 43 + -35. Suppose -3463 + 63 = -s*n. What is the hundreds digit of n?
4
Let r = 625 - 601. Suppose 4*h = 3*h + 5*z - 20, 3*h + z - 4 = 0. Suppose 4*l - 5*a - 140 = h, r = l - 7*a + 3*a. What is the tens digit of l?
4
Suppose -16*t + 438 = -42. Suppose 2*i - 3*i - 6 = 0. Let r = t - i. What is the units digit of r?
6
Suppose -52 - 20 = 24*b. What is the units digit of (16/12*b - -326) + -4?
8
Let h(a) = -2*a**2 - 9*a - 8. Let b(t) = t. Let i(p) = -4*b(p) - h(p). Let u(n) = 5*n**2 + n. Let f be u(-1). What is the tens digit of i(f)?
6
Let t = 8678 + -5932. What is the tens digit of t?
4
Suppose -o - c + 1 - 3 = 0, 12 = -3*c. Suppose 0 = -m + 4*b + 10, -o*m + 0 = -2*b - 2. Let y(f) = 16*f**2 + 4*f + 5. What is the tens digit of y(m)?
6
Let u(o) = 2*o**3 + 4. Let v be u(0). Let g(d) = 60*d + 16. What is the hundreds digit of g(v)?
2
Let m(n) = 16*n**2 + 5*n + 5. Let s(a) = 16*a**2 + 4*a + 4. Let d(y) = -5*m(y) + 6*s(y). Let p(c) = -85*c + 512. Let j be p(6). What is the units digit of d(j)?
1
Suppose 7*o + 4*b - 42126 = -b, -4*o - 2*b = -24066. What is the thousands digit of o?
6
Suppose 64 - 24 = 2*j - 3*s, 0 = j - 4*s - 10. Suppose -4*g + 3*o + 79 + j = 0, 0 = 3*g + o - 69. What is the units digit of g?
4
Let c = -601 - -603. Suppose -14*d + 13*d - 1 = 0, 0 = -c*f + 3*d + 2827. What is the tens digit of f?
1
Suppose -3*w + 10 = 2*x, 4*w + x - 16 = -3*x. Suppose 0 = 2*t + t - w*a + 307, 5*a = -4*t - 371. Let r = 272 + t. What is the hundreds digit of r?
1
Let o be (4 + -4)/(-1) + 1. Let m be 1 + ((-1 - -384) + -2)/o. Let n = m + -242. What is the units digit of n?
0
Let x = -245 - -281. What is the tens digit of (-9)/6 + 9450/x?
6
Suppose -3*i + 10 = 2*i. Suppose -i*c + 3*u - 160 = -2*u, -c - 77 = -u. What is the units digit of (6/5)/((-6)/c)?
5
Let k(j) = 54*j - 9. Let x be k(-1). What is the hundreds digit of (-17)/(6 - (-381)/x)?
3
Let a be (2/6)/(3*2/(-90)). Let u(c) = -c**3 + 9*c**2 + 11*c - 9. Let s be u(10). What is the tens digit of (64 - a) + 2 + s?
7
Suppose 0 = 19*v + 15962 - 159013. What is the units digit of v?
9
Suppose 0 = 4*n - 5*y - 84 - 56, -n + y + 36 = 0. What is the hundreds digit of -680*(-180)/n*(-1)/(-6)?
5
Let g(s) = -824*s